CRAN Package Check Results for Package tractor.base

Last updated on 2015-07-05 11:47:38.

Flavor Version Tinstall Tcheck Ttotal Status Flags
r-devel-linux-x86_64-debian-clang 2.5.0 1.36 21.32 22.68 NOTE
r-devel-linux-x86_64-debian-gcc 2.5.0 1.39 21.20 22.60 NOTE
r-devel-linux-x86_64-fedora-clang 2.5.0 43.64 NOTE
r-devel-linux-x86_64-fedora-gcc 2.5.0 40.47 NOTE
r-devel-osx-x86_64-clang 2.5.0 35.92 OK
r-devel-windows-ix86+x86_64 2.5.0 7.00 33.00 40.00 NOTE
r-patched-linux-x86_64 2.5.0 1.44 21.57 23.01 OK
r-patched-solaris-sparc 2.5.0 275.20 OK
r-patched-solaris-x86 2.5.0 56.90 OK
r-release-linux-x86_64 2.5.0 1.35 21.85 23.20 OK
r-release-osx-x86_64-mavericks 2.5.0 OK
r-release-windows-ix86+x86_64 2.5.0 5.00 33.00 38.00 OK
r-oldrel-windows-ix86+x86_64 2.5.0 8.00 39.00 47.00 OK

Check Details

Version: 2.5.0
Check: R code for possible problems
Result: NOTE
    defaultInfoPanel: no visible global function definition for ‘dev.cur’
    defaultInfoPanel: no visible global function definition for ‘plot’
    defaultInfoPanel: no visible global function definition for ‘text’
    displayGraphic: no visible global function definition for ‘image’
    displayGraphic: no visible global function definition for ‘par’
    getColourScale: no visible global function definition for ‘gray’
    getColourScale: no visible global function definition for ‘heat.colors’
    getColourScale: no visible global function definition for ‘rainbow’
    getDescriptionForDicomTag: Error while checking: invalid ‘envir’
     argument
    interpolatePalette: no visible global function definition for
     ‘colorRamp’
    newDicomMetadataFromFile: Error while checking: invalid ‘envir’
     argument
    print.DicomMetadata: Error while checking: invalid ‘envir’ argument
    sortDicomDirectory: no visible global function definition for ‘na.omit’
    viewImages: no visible global function definition for ‘par’
    viewImages: no visible global function definition for ‘layout’
    viewImages: no visible global function definition for ‘plot’
    viewImages: no visible global function definition for ‘lines’
    viewImages: no visible global function definition for ‘text’
    viewImages: no visible global function definition for ‘locator’
    viewImages: no visible global function definition for ‘dev.off’
    writePng: no visible global function definition for ‘png’
    writePng: no visible global function definition for ‘par’
    writePng: no visible global function definition for ‘image’
    writePng: no visible global function definition for ‘dev.off’
    Undefined global functions or variables:
     colorRamp dev.cur dev.off gray heat.colors image layout lines locator
     na.omit par plot png rainbow text
Flavors: r-devel-linux-x86_64-debian-clang, r-devel-linux-x86_64-debian-gcc, r-devel-linux-x86_64-fedora-clang, r-devel-linux-x86_64-fedora-gcc

Version: 2.5.0
Check: R code for possible problems
Result: NOTE
    defaultInfoPanel: no visible global function definition for 'dev.cur'
    defaultInfoPanel: no visible global function definition for 'plot'
    defaultInfoPanel: no visible global function definition for 'text'
    displayGraphic: no visible global function definition for 'image'
    displayGraphic: no visible global function definition for 'par'
    getColourScale: no visible global function definition for 'gray'
    getColourScale: no visible global function definition for 'heat.colors'
    getColourScale: no visible global function definition for 'rainbow'
    interpolatePalette: no visible global function definition for
     'colorRamp'
    sortDicomDirectory: no visible global function definition for 'na.omit'
    viewImages: no visible global function definition for 'par'
    viewImages: no visible global function definition for 'layout'
    viewImages: no visible global function definition for 'plot'
    viewImages: no visible global function definition for 'lines'
    viewImages: no visible global function definition for 'text'
    viewImages: no visible global function definition for 'locator'
    viewImages: no visible global function definition for 'dev.off'
    writePng: no visible global function definition for 'png'
    writePng: no visible global function definition for 'par'
    writePng: no visible global function definition for 'image'
    writePng: no visible global function definition for 'dev.off'
    Undefined global functions or variables:
     colorRamp dev.cur dev.off gray heat.colors image layout lines locator
     na.omit par plot png rainbow text
Flavor: r-devel-windows-ix86+x86_64