CRAN Package Check Results for Package tractor.base

Last updated on 2015-08-30 05:48:13.

Flavor Version Tinstall Tcheck Ttotal Status Flags
r-devel-linux-x86_64-debian-clang 2.5.0 1.37 21.06 22.43 NOTE
r-devel-linux-x86_64-debian-gcc 2.5.0 1.58 21.05 22.63 NOTE
r-devel-linux-x86_64-fedora-clang 2.5.0 42.77 NOTE
r-devel-linux-x86_64-fedora-gcc 2.5.0 39.63 NOTE
r-devel-osx-x86_64-clang 2.5.0 38.24 OK
r-devel-windows-ix86+x86_64 2.5.0 12.00 45.00 57.00 NOTE
r-patched-linux-x86_64 2.5.0 1.48 21.41 22.89 OK
r-patched-solaris-sparc 2.5.0 279.10 OK
r-patched-solaris-x86 2.5.0 57.50 OK
r-release-linux-x86_64 2.5.0 1.35 22.40 23.75 OK
r-release-osx-x86_64-mavericks 2.5.0 OK
r-release-windows-ix86+x86_64 2.5.0 9.00 36.00 45.00 OK
r-oldrel-windows-ix86+x86_64 2.5.0 8.00 39.00 47.00 OK

Check Details

Version: 2.5.0
Check: R code for possible problems
Result: NOTE
    defaultInfoPanel: no visible global function definition for ‘dev.cur’
    defaultInfoPanel: no visible global function definition for ‘plot’
    defaultInfoPanel: no visible global function definition for ‘text’
    displayGraphic: no visible global function definition for ‘image’
    displayGraphic: no visible global function definition for ‘par’
    getColourScale: no visible global function definition for ‘gray’
    getColourScale: no visible global function definition for ‘heat.colors’
    getColourScale: no visible global function definition for ‘rainbow’
    interpolatePalette: no visible global function definition for
     ‘colorRamp’
    sortDicomDirectory: no visible global function definition for ‘na.omit’
    viewImages: no visible global function definition for ‘par’
    viewImages: no visible global function definition for ‘layout’
    viewImages: no visible global function definition for ‘plot’
    viewImages: no visible global function definition for ‘lines’
    viewImages: no visible global function definition for ‘text’
    viewImages: no visible global function definition for ‘locator’
    viewImages: no visible global function definition for ‘dev.off’
    writePng: no visible global function definition for ‘png’
    writePng: no visible global function definition for ‘par’
    writePng: no visible global function definition for ‘image’
    writePng: no visible global function definition for ‘dev.off’
    Undefined global functions or variables:
     colorRamp dev.cur dev.off gray heat.colors image layout lines locator
     na.omit par plot png rainbow text
    Consider adding
     importFrom("grDevices", "colorRamp", "dev.cur", "dev.off", "gray",
     "heat.colors", "png", "rainbow")
     importFrom("graphics", "image", "layout", "lines", "locator", "par",
     "plot", "text")
     importFrom("stats", "na.omit")
    to your NAMESPACE.
Flavors: r-devel-linux-x86_64-debian-clang, r-devel-linux-x86_64-debian-gcc, r-devel-linux-x86_64-fedora-clang, r-devel-linux-x86_64-fedora-gcc, r-devel-windows-ix86+x86_64