CRAN Package Check Results for Package tractor.base

Last updated on 2014-04-23 09:49:26.

Flavor Version Tinstall Tcheck Ttotal Status Flags
r-devel-linux-x86_64-debian-clang 2.5.0 1.86 25.26 27.12 OK
r-devel-linux-x86_64-debian-gcc 2.5.0 1.73 25.15 26.88 OK
r-devel-linux-x86_64-fedora-clang 2.5.0 53.08 OK
r-devel-linux-x86_64-fedora-gcc 2.5.0 51.01 OK
r-devel-osx-x86_64-clang 2.5.0 49.03 OK
r-devel-osx-x86_64-gcc 2.5.0 OK
r-devel-windows-ix86+x86_64 2.5.0 5.00 37.00 42.00 OK
r-patched-linux-x86_64 2.5.0 1.70 24.96 26.66 OK
r-patched-solaris-sparc 2.5.0 281.10 OK
r-patched-solaris-x86 2.5.0 66.20 OK
r-release-linux-ix86 2.5.0 3.00 43.00 46.00 OK
r-release-linux-x86_64 2.5.0 1.73 25.01 26.74 OK
r-release-osx-x86_64-mavericks 2.5.0 WARN
r-release-osx-x86_64-snowleopard 2.5.0 OK
r-release-windows-ix86+x86_64 2.5.0 7.00 37.00 44.00 OK
r-oldrel-windows-ix86+x86_64 2.5.0 4.00 36.00 40.00 OK

Check Details

Version: 2.5.0
Check: PDF version of manual
Result: WARNING
    LaTeX errors when creating PDF version.
    This typically indicates Rd problems.
    LaTeX errors found:
    ! LaTeX Error: File `upquote.sty' not found.
    
    Type X to quit or <RETURN> to proceed,
    or enter new name. (Default extension: sty)
    
    3ad23bdb/Rd2.tex:8: ==> Fatal error occurred, no output PDF file produced!
Flavor: r-release-osx-x86_64-mavericks