CRAN Package Check Results for Package mederrRank

Last updated on 2015-07-05 11:47:20.

Flavor Version Tinstall Tcheck Ttotal Status Flags
r-devel-linux-x86_64-debian-clang 0.0.7 0.92 16.66 17.58 NOTE
r-devel-linux-x86_64-debian-gcc 0.0.7 0.92 17.10 18.02 NOTE
r-devel-linux-x86_64-fedora-clang 0.0.7 34.81 NOTE
r-devel-linux-x86_64-fedora-gcc 0.0.7 32.37 NOTE
r-devel-osx-x86_64-clang 0.0.7 33.32 NOTE
r-devel-windows-ix86+x86_64 0.0.7 4.00 41.00 45.00 NOTE
r-patched-linux-x86_64 0.0.7 0.94 16.86 17.80 OK
r-patched-solaris-sparc 0.0.7 212.20 OK
r-patched-solaris-x86 0.0.7 49.20 OK
r-release-linux-x86_64 0.0.7 0.95 16.73 17.68 OK
r-release-osx-x86_64-mavericks 0.0.7 OK
r-release-windows-ix86+x86_64 0.0.7 6.00 30.00 36.00 OK
r-oldrel-windows-ix86+x86_64 0.0.7 6.00 32.00 38.00 OK

Check Details

Version: 0.0.7
Check: R code for possible problems
Result: NOTE
    bhm.mcmc: no visible global function definition for ‘var’
    bhm.mcmc: no visible global function definition for ‘rgamma’
    bhm.mcmc: no visible global function definition for ‘rnorm’
    bhm.mcmc: no visible global function definition for ‘runif’
    bhm.resample: no visible global function definition for ‘nlm’
    dst: no visible global function definition for ‘dt’
    post.rep: no visible global function definition for ‘rbinom’
    rmixnegbinom: no visible global function definition for ‘rnbinom’
    rmixnegbinom: no visible global function definition for ‘rmultinom’
    plot,mederrData-missing: no visible global function definition for
     ‘par’
    plot,mederrData-missing: no visible global function definition for
     ‘boxplot’
    plot,mederrData-missing: no visible binding for global variable ‘bins’
    plot,mederrData-missing: no visible global function definition for
     ‘axis’
    plot,mederrData-missing: no visible global function definition for
     ‘barplot’
    plot,mederrFit-mederrFit: no visible global function definition for
     ‘par’
    plot,mederrFit-mederrFit: no visible global function definition for
     ‘segments’
    plot,mederrFit-mederrFit: no visible global function definition for
     ‘axis’
    plot,mederrFit-mederrFit: no visible global function definition for
     ‘mtext’
    plot,mederrFit-mederrFit: no visible global function definition for
     ‘abline’
    plot,mederrResample-missing: no visible global function definition for
     ‘interaction.plot’
    plot,mederrResample-missing: no visible global function definition for
     ‘axis’
    plot,mederrResample-missing: no visible global function definition for
     ‘legend’
    Undefined global functions or variables:
     abline axis barplot bins boxplot dt interaction.plot legend mtext nlm
     par rbinom rgamma rmultinom rnbinom rnorm runif segments var
Flavors: r-devel-linux-x86_64-debian-clang, r-devel-linux-x86_64-debian-gcc, r-devel-linux-x86_64-fedora-clang, r-devel-linux-x86_64-fedora-gcc, r-devel-windows-ix86+x86_64

Version: 0.0.7
Check: R code for possible problems
Result: NOTE
    plot,mederrData-missing: no visible binding for global variable ‘bins’
    Undefined global functions or variables:
     bins
Flavor: r-devel-osx-x86_64-clang