CRAN Package Check Results for Package MissingDataGUI

Last updated on 2014-04-23 09:49:18.

Flavor Version Tinstall Tcheck Ttotal Status Flags
r-devel-linux-x86_64-debian-clang 0.2-0 4.74 67.95 72.69 OK
r-devel-linux-x86_64-debian-gcc 0.2-0 4.72 67.24 71.95 OK
r-devel-linux-x86_64-fedora-clang 0.2-0 161.26 OK
r-devel-linux-x86_64-fedora-gcc 0.2-0 156.12 OK
r-devel-osx-x86_64-clang 0.2-0 151.89 OK
r-devel-osx-x86_64-gcc 0.2-0 ERROR
r-devel-windows-ix86+x86_64 0.2-0 15.00 130.00 145.00 OK
r-patched-linux-x86_64 0.2-0 4.68 67.84 72.52 OK
r-patched-solaris-sparc 0.2-0 796.40 OK
r-patched-solaris-x86 0.2-0 210.60 OK
r-release-linux-ix86 0.2-0 8.00 115.00 123.00 OK
r-release-linux-x86_64 0.2-0 4.76 68.02 72.78 OK
r-release-osx-x86_64-mavericks 0.2-0 ERROR
r-release-osx-x86_64-snowleopard 0.2-0 OK
r-release-windows-ix86+x86_64 0.2-0 16.00 100.00 116.00 OK
r-oldrel-windows-ix86+x86_64 0.2-0 17.00 107.00 124.00 OK

Check Details

Version: 0.2-0
Check: package dependencies
Result: ERROR
    Packages required but not available: ‘ggplot2’ ‘GGally’
    
    Packages suggested but not available for checking: ‘Hmisc’ ‘mi’
    
    See the information on DESCRIPTION files in the chapter ‘Creating R
    packages’ of the ‘Writing R Extensions’ manual.
Flavor: r-devel-osx-x86_64-gcc

Version: 0.2-0
Check: package dependencies
Result: ERROR
    Packages required but not available: ‘gWidgetsRGtk2’ ‘cairoDevice’
    
    See the information on DESCRIPTION files in the chapter ‘Creating R
    packages’ of the ‘Writing R Extensions’ manual.
Flavor: r-release-osx-x86_64-mavericks