CRAN Package Check Results for Package MissingDataGUI

Last updated on 2016-02-05 06:47:38.

Flavor Version Tinstall Tcheck Ttotal Status Flags
r-devel-linux-x86_64-debian-gcc 0.2-4 3.00 39.01 42.01 OK
r-devel-linux-x86_64-fedora-clang 0.2-4 92.26 OK
r-devel-linux-x86_64-fedora-gcc 0.2-4 79.61 OK
r-devel-osx-x86_64-clang 0.2-4 89.50 OK
r-devel-windows-ix86+x86_64 0.2-4 11.00 65.00 76.00 OK
r-patched-linux-x86_64 0.2-4 3.53 44.86 48.39 OK
r-patched-solaris-sparc 0.2-4 550.90 OK
r-patched-solaris-x86 0.2-4 128.90 OK
r-release-linux-x86_64 0.2-4 3.29 45.34 48.63 WARN
r-release-osx-x86_64-mavericks 0.2-4 OK
r-release-windows-ix86+x86_64 0.2-4 12.00 79.00 91.00 WARN
r-oldrel-windows-ix86+x86_64 0.2-4 25.00 124.00 149.00 WARN

Check Details

Version: 0.2-4
Check: whether package can be installed
Result: WARN
    Found the following significant warnings:
     Warning: replacing previous import by ‘grid::unit’ when loading ‘MissingDataGUI’
Flavors: r-release-linux-x86_64, r-release-windows-ix86+x86_64, r-oldrel-windows-ix86+x86_64