CRAN Package Check Results for Package MissingDataGUI

Last updated on 2016-06-24 03:48:51.

Flavor Version Tinstall Tcheck Ttotal Status Flags
r-devel-linux-x86_64-debian-gcc 0.2-5 3.34 41.40 44.73 OK
r-devel-linux-x86_64-fedora-clang 0.2-5 83.29 OK
r-devel-linux-x86_64-fedora-gcc 0.2-5 81.37 OK
r-devel-osx-x86_64-clang 0.2-5 65.02 OK
r-devel-windows-ix86+x86_64 0.2-5 13.00 74.00 87.00 OK
r-patched-linux-x86_64 0.2-5 2.90 41.67 44.57 OK
r-patched-solaris-sparc 0.2-5 467.50 OK
r-patched-solaris-x86 0.2-5 111.00 OK
r-release-linux-x86_64 0.2-5 3.11 40.99 44.10 OK
r-release-osx-x86_64-mavericks 0.2-5 ERROR
r-release-windows-ix86+x86_64 0.2-5 13.00 85.00 98.00 OK
r-oldrel-windows-ix86+x86_64 0.2-5 14.00 107.00 121.00 OK

Check Details

Version: 0.2-5
Check: whether package can be installed
Result: ERROR
    Installation failed.
Flavor: r-release-osx-x86_64-mavericks