CRAN Package Check Results for Package MissingDataGUI

Last updated on 2017-05-26 06:46:52.

Flavor Version Tinstall Tcheck Ttotal Status Flags
r-devel-linux-x86_64-debian-clang 0.2-5 3.18 45.12 48.30 OK
r-devel-linux-x86_64-debian-gcc 0.2-5 3.33 43.91 47.24 OK
r-devel-linux-x86_64-fedora-clang 0.2-5 95.85 OK --no-stop-on-test-error
r-devel-linux-x86_64-fedora-gcc 0.2-5 104.17 OK --no-stop-on-test-error
r-devel-windows-ix86+x86_64 0.2-5 10.00 89.00 99.00 OK
r-patched-linux-x86_64 0.2-5 3.11 44.84 47.95 OK
r-patched-solaris-sparc 0.2-5 526.50 OK
r-patched-solaris-x86 0.2-5 126.40 OK
r-release-linux-x86_64 0.2-5 3.15 46.27 49.42 OK
r-release-windows-ix86+x86_64 0.2-5 13.00 75.00 88.00 OK
r-release-osx-x86_64 0.2-5 ERROR
r-oldrel-windows-ix86+x86_64 0.2-5 16.00 72.00 88.00 OK
r-oldrel-osx-x86_64 0.2-5 OK

Check Details

Version: 0.2-5
Check: package dependencies
Result: ERROR
    Packages required but not available: ‘gWidgetsRGtk2’ ‘cairoDevice’
    
    See section ‘The DESCRIPTION file’ in the ‘Writing R Extensions’
    manual.
Flavor: r-release-osx-x86_64