CRAN Package Check Results for Package MissingDataGUI

Last updated on 2017-11-21 06:47:48 CET.

Flavor Version Tinstall Tcheck Ttotal Status Flags
r-devel-linux-x86_64-debian-clang 0.2-5 2.83 39.97 42.80 OK
r-devel-linux-x86_64-debian-gcc 0.2-5 3.63 42.16 45.79 OK
r-devel-linux-x86_64-fedora-clang 0.2-5 82.90 OK
r-devel-linux-x86_64-fedora-gcc 0.2-5 130.99 OK
r-devel-windows-ix86+x86_64 0.2-5 37.00 4.00 41.00 ERROR
r-patched-linux-x86_64 0.2-5 3.12 47.24 50.35 OK
r-patched-solaris-x86 0.2-5 150.80 OK
r-release-linux-x86_64 0.2-5 3.17 45.51 48.69 OK
r-release-windows-ix86+x86_64 0.2-5 26.00 4.00 30.00 ERROR
r-release-osx-x86_64 0.2-5 ERROR
r-oldrel-windows-ix86+x86_64 0.2-5 8.00 117.00 125.00 ERROR
r-oldrel-osx-x86_64 0.2-5 OK

Check Details

Version: 0.2-5
Check: whether package can be installed
Result: ERROR
    Installation failed.
Flavors: r-devel-windows-ix86+x86_64, r-release-windows-ix86+x86_64, r-oldrel-windows-ix86+x86_64

Version: 0.2-5
Check: package dependencies
Result: ERROR
    Packages required but not available: ‘gWidgetsRGtk2’ ‘cairoDevice’
    
    See section ‘The DESCRIPTION file’ in the ‘Writing R Extensions’
    manual.
Flavor: r-release-osx-x86_64