CRAN Package Check Results for Package MissingDataGUI

Last updated on 2017-07-22 06:50:26.

Flavor Version Tinstall Tcheck Ttotal Status Flags
r-devel-linux-x86_64-debian-clang 0.2-5 2.88 53.82 56.70 OK
r-devel-linux-x86_64-debian-gcc 0.2-5 3.15 53.16 56.32 OK
r-devel-linux-x86_64-fedora-clang 0.2-5 102.33 OK
r-devel-linux-x86_64-fedora-gcc 0.2-5 121.46 OK
r-devel-windows-ix86+x86_64 0.2-5 13.00 105.00 118.00 OK
r-patched-linux-x86_64 0.2-5 3.03 54.56 57.59 OK
r-patched-solaris-x86 0.2-5 142.00 OK
r-release-linux-x86_64 0.2-5 3.40 54.40 57.79 OK
r-release-windows-ix86+x86_64 0.2-5 9.00 113.00 122.00 OK
r-release-osx-x86_64 0.2-5 ERROR
r-oldrel-windows-ix86+x86_64 0.2-5 16.00 100.00 116.00 OK
r-oldrel-osx-x86_64 0.2-5 OK

Check Details

Version: 0.2-5
Check: package dependencies
Result: ERROR
    Packages required but not available: ‘gWidgetsRGtk2’ ‘cairoDevice’
    
    See section ‘The DESCRIPTION file’ in the ‘Writing R Extensions’
    manual.
Flavor: r-release-osx-x86_64