CRAN Package Check Results for Package MissingDataGUI

Last updated on 2017-09-20 06:49:26.

Flavor Version Tinstall Tcheck Ttotal Status Flags
r-devel-linux-x86_64-debian-clang 0.2-5 2.83 42.77 45.61 OK
r-devel-linux-x86_64-debian-gcc 0.2-5 3.04 43.76 46.81 OK
r-devel-linux-x86_64-fedora-clang 0.2-5 94.56 OK
r-devel-linux-x86_64-fedora-gcc 0.2-5 114.85 OK
r-devel-windows-ix86+x86_64 0.2-5 9.00 121.00 130.00 OK
r-patched-linux-x86_64 0.2-5 3.01 45.22 48.22 OK
r-patched-solaris-x86 0.2-5 140.50 OK
r-release-linux-x86_64 0.2-5 3.32 46.92 50.23 OK
r-release-windows-ix86+x86_64 0.2-5 10.00 81.00 91.00 OK
r-release-osx-x86_64 0.2-5 ERROR
r-oldrel-windows-ix86+x86_64 0.2-5 8.00 69.00 77.00 OK
r-oldrel-osx-x86_64 0.2-5 OK

Check Details

Version: 0.2-5
Check: package dependencies
Result: ERROR
    Packages required but not available: ‘gWidgetsRGtk2’ ‘cairoDevice’
    
    See section ‘The DESCRIPTION file’ in the ‘Writing R Extensions’
    manual.
Flavor: r-release-osx-x86_64