CRAN Package Check Results for Package MissingDataGUI

Last updated on 2014-11-28 09:50:40.

Flavor Version Tinstall Tcheck Ttotal Status Flags
r-devel-linux-x86_64-debian-clang 0.2-2 4.24 60.08 64.32 OK
r-devel-linux-x86_64-debian-gcc 0.2-2 4.14 58.71 62.85 OK
r-devel-linux-x86_64-fedora-clang 0.2-2 152.37 OK
r-devel-linux-x86_64-fedora-gcc 0.2-2 152.93 OK
r-devel-osx-x86_64-clang 0.2-2 124.74 OK
r-devel-windows-ix86+x86_64 0.2-2 18.00 95.00 113.00 OK
r-patched-linux-x86_64 0.2-2 4.19 60.59 64.78 OK
r-patched-solaris-sparc 0.2-2 756.90 OK
r-patched-solaris-x86 0.2-2 198.40 OK
r-release-linux-ix86 0.2-2 4.96 72.30 77.26 OK
r-release-linux-x86_64 0.2-2 4.26 61.43 65.69 OK
r-release-osx-x86_64-mavericks 0.2-2 ERROR
r-release-osx-x86_64-snowleopard 0.2-2 OK
r-release-windows-ix86+x86_64 0.2-2 18.00 103.00 121.00 OK
r-oldrel-windows-ix86+x86_64 0.2-2 15.00 113.00 128.00 OK

Check Details

Version: 0.2-2
Check: package dependencies
Result: ERROR
    Packages required but not available: ‘gWidgetsRGtk2’ ‘cairoDevice’
    
    See the information on DESCRIPTION files in the chapter ‘Creating R
    packages’ of the ‘Writing R Extensions’ manual.
Flavor: r-release-osx-x86_64-mavericks