CRAN Package Check Results for Package MissingDataGUI

Last updated on 2014-07-24 09:49:39.

Flavor Version Tinstall Tcheck Ttotal Status Flags
r-devel-linux-x86_64-debian-clang 0.2-0 4.30 63.48 67.78 OK
r-devel-linux-x86_64-debian-gcc 0.2-0 4.24 60.63 64.87 OK
r-devel-linux-x86_64-fedora-clang 0.2-0 161.14 OK
r-devel-linux-x86_64-fedora-gcc 0.2-0 153.31 OK
r-devel-osx-x86_64-clang 0.2-0 126.97 OK
r-devel-windows-ix86+x86_64 0.2-0 16.00 94.00 110.00 OK
r-patched-linux-x86_64 0.2-0 4.32 60.77 65.08 OK
r-patched-solaris-sparc 0.2-0 796.40 OK
r-patched-solaris-x86 0.2-0 198.40 OK
r-release-linux-ix86 0.2-0 5.63 80.44 86.07 OK
r-release-linux-x86_64 0.2-0 4.52 65.00 69.53 OK
r-release-osx-x86_64-mavericks 0.2-0 ERROR
r-release-osx-x86_64-snowleopard 0.2-0 OK
r-release-windows-ix86+x86_64 0.2-0 16.00 102.00 118.00 OK
r-oldrel-windows-ix86+x86_64 0.2-0 17.00 100.00 117.00 OK

Check Details

Version: 0.2-0
Check: package dependencies
Result: ERROR
    Packages required but not available: ‘gWidgetsRGtk2’ ‘cairoDevice’
    
    See the information on DESCRIPTION files in the chapter ‘Creating R
    packages’ of the ‘Writing R Extensions’ manual.
Flavor: r-release-osx-x86_64-mavericks